{"id":207,"date":"2024-02-07T18:16:33","date_gmt":"2024-02-07T18:16:33","guid":{"rendered":"https:\/\/lababilunica.com\/?page_id=207"},"modified":"2024-05-06T21:36:48","modified_gmt":"2024-05-06T21:36:48","slug":"los-tres-berretines","status":"publish","type":"page","link":"https:\/\/lababilunica.com\/index.php\/los-tres-berretines\/","title":{"rendered":"Los tres berretines"},"content":{"rendered":"\t\t<div data-elementor-type=\"wp-page\" data-elementor-id=\"207\" class=\"elementor elementor-207\" data-elementor-post-type=\"page\">\n\t\t\t\t<div class=\"elementor-element elementor-element-0c09c13 e-flex e-con-boxed e-con e-parent\" data-id=\"0c09c13\" data-element_type=\"container\">\n\t\t\t\t\t<div class=\"e-con-inner\">\n\t\t\t\t<div class=\"elementor-element elementor-element-80a7970 elementor-widget elementor-widget-heading\" data-id=\"80a7970\" data-element_type=\"widget\" data-widget_type=\"heading.default\">\n\t\t\t\t<div class=\"elementor-widget-container\">\n\t\t\t<style>\/*! elementor - v3.22.0 - 26-06-2024 *\/\n.elementor-heading-title{padding:0;margin:0;line-height:1}.elementor-widget-heading .elementor-heading-title[class*=elementor-size-]>a{color:inherit;font-size:inherit;line-height:inherit}.elementor-widget-heading .elementor-heading-title.elementor-size-small{font-size:15px}.elementor-widget-heading .elementor-heading-title.elementor-size-medium{font-size:19px}.elementor-widget-heading .elementor-heading-title.elementor-size-large{font-size:29px}.elementor-widget-heading .elementor-heading-title.elementor-size-xl{font-size:39px}.elementor-widget-heading .elementor-heading-title.elementor-size-xxl{font-size:59px}<\/style><h2 class=\"elementor-heading-title elementor-size-default\">Los tres berretines<\/h2>\t\t<\/div>\n\t\t\t\t<\/div>\n\t\t\t\t\t<\/div>\n\t\t\t\t<\/div>\n\t\t<div class=\"elementor-element elementor-element-e460af4 e-flex e-con-boxed e-con e-parent\" data-id=\"e460af4\" data-element_type=\"container\">\n\t\t\t\t\t<div class=\"e-con-inner\">\n\t\t\t\t<div class=\"elementor-element elementor-element-5f645fd elementor-widget elementor-widget-heading\" data-id=\"5f645fd\" data-element_type=\"widget\" data-widget_type=\"heading.default\">\n\t\t\t\t<div class=\"elementor-widget-container\">\n\t\t\t<h2 class=\"elementor-heading-title elementor-size-default\">Escuchar la radio en vivo<\/h2>\t\t<\/div>\n\t\t\t\t<\/div>\n\t\t\t\t<div class=\"elementor-element elementor-element-a341c8b elementor-widget elementor-widget-shortcode\" data-id=\"a341c8b\" data-element_type=\"widget\" data-widget_type=\"shortcode.default\">\n\t\t\t\t<div class=\"elementor-widget-container\">\n\t\t\t\t\t<div class=\"elementor-shortcode\"><iframe src=\"https:\/\/radios.solumedia.com\/cp\/widgets\/player\/single\/?p=6108\" height=\"110\" width=\"100%\" scrolling=\"no\" style=\"border:none;\"><\/iframe><\/div>\n\t\t\t\t<\/div>\n\t\t\t\t<\/div>\n\t\t\t\t<div class=\"elementor-element elementor-element-05da122 elementor-widget elementor-widget-image\" data-id=\"05da122\" data-element_type=\"widget\" data-widget_type=\"image.default\">\n\t\t\t\t<div class=\"elementor-widget-container\">\n\t\t\t<style>\/*! elementor - v3.22.0 - 26-06-2024 *\/\n.elementor-widget-image{text-align:center}.elementor-widget-image a{display:inline-block}.elementor-widget-image a img[src$=\".svg\"]{width:48px}.elementor-widget-image img{vertical-align:middle;display:inline-block}<\/style>\t\t\t\t\t\t\t\t\t\t<img fetchpriority=\"high\" decoding=\"async\" width=\"640\" height=\"480\" src=\"https:\/\/lababilunica.com\/wp-content\/uploads\/2024\/02\/lostresberretines2024-1024x768.png\" class=\"attachment-large size-large wp-image-166\" alt=\"\" srcset=\"https:\/\/lababilunica.com\/wp-content\/uploads\/2024\/02\/lostresberretines2024-1024x768.png 1024w, https:\/\/lababilunica.com\/wp-content\/uploads\/2024\/02\/lostresberretines2024-300x225.png 300w, https:\/\/lababilunica.com\/wp-content\/uploads\/2024\/02\/lostresberretines2024-768x576.png 768w, https:\/\/lababilunica.com\/wp-content\/uploads\/2024\/02\/lostresberretines2024-1536x1152.png 1536w, https:\/\/lababilunica.com\/wp-content\/uploads\/2024\/02\/lostresberretines2024.png 1890w\" sizes=\"(max-width: 640px) 100vw, 640px\" \/>\t\t\t\t\t\t\t\t\t\t\t\t\t<\/div>\n\t\t\t\t<\/div>\n\t\t\t\t\t<\/div>\n\t\t\t\t<\/div>\n\t\t<div class=\"elementor-element elementor-element-314e806 e-flex e-con-boxed e-con e-parent\" data-id=\"314e806\" data-element_type=\"container\">\n\t\t\t\t\t<div class=\"e-con-inner\">\n\t\t\t\t<div class=\"elementor-element elementor-element-93eb8cf elementor-widget elementor-widget-text-editor\" data-id=\"93eb8cf\" data-element_type=\"widget\" data-widget_type=\"text-editor.default\">\n\t\t\t\t<div class=\"elementor-widget-container\">\n\t\t\t<style>\/*! elementor - v3.22.0 - 26-06-2024 *\/\n.elementor-widget-text-editor.elementor-drop-cap-view-stacked .elementor-drop-cap{background-color:#69727d;color:#fff}.elementor-widget-text-editor.elementor-drop-cap-view-framed .elementor-drop-cap{color:#69727d;border:3px solid;background-color:transparent}.elementor-widget-text-editor:not(.elementor-drop-cap-view-default) .elementor-drop-cap{margin-top:8px}.elementor-widget-text-editor:not(.elementor-drop-cap-view-default) .elementor-drop-cap-letter{width:1em;height:1em}.elementor-widget-text-editor .elementor-drop-cap{float:left;text-align:center;line-height:1;font-size:50px}.elementor-widget-text-editor .elementor-drop-cap-letter{display:inline-block}<\/style>\t\t\t\t<p>Los tres berretines es un programa de tango realizado por Santiago Mampel, Laura D\u00edaz y Silvia C\u00e1ccamo, desde las dos orillas m\u00e1s importantes del 2&#215;4: Montevideo y Buenos Aires. All\u00ed disfrutamos de este g\u00e9nero con columnas que van desde lo hist\u00f3rico hasta las \u00faltimas novedades.\u00a0<\/p><p>Por supuesto, la participaci\u00f3n del p\u00fablico y el intercambio con ellos es fundamental.<\/p><p>Para los que amamos el tango<\/p>\t\t\t\t\t\t<\/div>\n\t\t\t\t<\/div>\n\t\t\t\t<div class=\"elementor-element elementor-element-a6703ca elementor-widget elementor-widget-heading\" data-id=\"a6703ca\" data-element_type=\"widget\" data-widget_type=\"heading.default\">\n\t\t\t\t<div class=\"elementor-widget-container\">\n\t\t\t<h2 class=\"elementor-heading-title elementor-size-default\">Escuchar programas anteriores<\/h2>\t\t<\/div>\n\t\t\t\t<\/div>\n\t\t\t\t\t<\/div>\n\t\t\t\t<\/div>\n\t\t<div class=\"elementor-element elementor-element-fd41240 e-flex e-con-boxed e-con e-parent\" data-id=\"fd41240\" data-element_type=\"container\">\n\t\t\t\t\t<div class=\"e-con-inner\">\n\t\t\t\t<div class=\"elementor-element elementor-element-2d59a3f elementor-widget elementor-widget-html\" data-id=\"2d59a3f\" data-element_type=\"widget\" data-widget_type=\"html.default\">\n\t\t\t\t<div class=\"elementor-widget-container\">\n\t\t\t<iframe style=\"border-radius:12px\" src=\"https:\/\/open.spotify.com\/embed\/episode\/5hAPlicLBL40SdNdp7b630?utm_source=generator\" width=\"100%\" height=\"352\" frameBorder=\"0\" allowfullscreen=\"\" allow=\"autoplay; clipboard-write; encrypted-media; fullscreen; picture-in-picture\" loading=\"lazy\"><\/iframe>\n \t\t<\/div>\n\t\t\t\t<\/div>\n\t\t\t\t<div class=\"elementor-element elementor-element-c51fc98 elementor-widget elementor-widget-html\" data-id=\"c51fc98\" data-element_type=\"widget\" data-widget_type=\"html.default\">\n\t\t\t\t<div class=\"elementor-widget-container\">\n\t\t\t <iframe style=\"border-radius:12px\" src=\"https:\/\/open.spotify.com\/embed\/episode\/1VwIIEITB3fvVkVq2bXw6p?utm_source=generator\" width=\"100%\" height=\"352\" frameBorder=\"0\" allowfullscreen=\"\" allow=\"autoplay; clipboard-write; encrypted-media; fullscreen; picture-in-picture\" loading=\"lazy\"><\/iframe>\t\t<\/div>\n\t\t\t\t<\/div>\n\t\t\t\t\t<\/div>\n\t\t\t\t<\/div>\n\t\t\t\t<\/div>\n\t\t","protected":false},"excerpt":{"rendered":"<p>Los tres berretines Escuchar la radio en vivo Los tres berretines es un programa de tango realizado por Santiago Mampel, Laura D\u00edaz y Silvia C\u00e1ccamo, desde las dos orillas m\u00e1s importantes del 2&#215;4: Montevideo y Buenos Aires. All\u00ed disfrutamos de este g\u00e9nero con columnas que van desde lo hist\u00f3rico hasta las \u00faltimas novedades.\u00a0 Por supuesto, [&hellip;]<\/p>\n","protected":false},"author":2,"featured_media":166,"parent":0,"menu_order":0,"comment_status":"closed","ping_status":"closed","template":"elementor_header_footer","meta":{"footnotes":""},"class_list":["post-207","page","type-page","status-publish","has-post-thumbnail","hentry"],"_links":{"self":[{"href":"https:\/\/lababilunica.com\/index.php\/wp-json\/wp\/v2\/pages\/207","targetHints":{"allow":["GET"]}}],"collection":[{"href":"https:\/\/lababilunica.com\/index.php\/wp-json\/wp\/v2\/pages"}],"about":[{"href":"https:\/\/lababilunica.com\/index.php\/wp-json\/wp\/v2\/types\/page"}],"author":[{"embeddable":true,"href":"https:\/\/lababilunica.com\/index.php\/wp-json\/wp\/v2\/users\/2"}],"replies":[{"embeddable":true,"href":"https:\/\/lababilunica.com\/index.php\/wp-json\/wp\/v2\/comments?post=207"}],"version-history":[{"count":47,"href":"https:\/\/lababilunica.com\/index.php\/wp-json\/wp\/v2\/pages\/207\/revisions"}],"predecessor-version":[{"id":559,"href":"https:\/\/lababilunica.com\/index.php\/wp-json\/wp\/v2\/pages\/207\/revisions\/559"}],"wp:featuredmedia":[{"embeddable":true,"href":"https:\/\/lababilunica.com\/index.php\/wp-json\/wp\/v2\/media\/166"}],"wp:attachment":[{"href":"https:\/\/lababilunica.com\/index.php\/wp-json\/wp\/v2\/media?parent=207"}],"curies":[{"name":"wp","href":"https:\/\/api.w.org\/{rel}","templated":true}]}}